 + 2 = s, -2*z + s + n = 0. List the prime factors of z.
5
Let a be 1 + 0 + -2 - 0. Let r be a*4*15/(-20). List the prime factors of (r/6)/(3/48).
2
Suppose 7*d - 200 = 3*d. List the prime factors of d.
2, 5
What are the prime factors of 4/(-20) + (-121)/(-5)?
2, 3
Let f(x) be the third derivative of x**4/12 + x**3/2 + 2*x**2. Let w be f(-3). What are the prime factors of -6*(w/2 - 0)?
3
Suppose -8*l = -10*l + 218. What are the prime factors of l?
109
Let n be 3*(-1 + (-8)/(-6)). List the prime factors of (16/(-1))/(0 - n).
2
Suppose -10 = -3*k + 38. Suppose c - 8 = -2. Suppose -c*h + k = -2*h. List the prime factors of h.
2
Let c be 1/(-2) + 14/4. Let k be (-84)/(-9)*c/2. Let q = k - 2. What are the prime factors of q?
2, 3
Let v(d) = 4 - d**2 + 2*d**2 - 7*d + 1 + 2*d. List the prime factors of v(6).
11
Let t = 15 - 6. What are the prime factors of t?
3
Let d(g) = -g**3 + 5*g**2 - g + 5. Let a be d(5). Suppose a = 4*m + 3 - 7, 43 = 4*x - m. List the prime factors of x.
11
Let j = 1 - -60. List the prime factors of j.
61
Let u = -51 - -27. List the prime factors of -1*u/(4/2).
2, 3
Suppose -5*m + 36 = -2*c, -m - 3*m + 30 = -c. List the prime factors of m.
2
Let l(q) = -q - 1. Let d be l(-7). What are the prime factors of 3/d*-6 - -8?
5
Let d(p) = p**2 + p - 4. Let n(t) = t**3 + 4*t**2 - 2. Let f be n(-3). Suppose -4*u - f = 9. What are the prime factors of d(u)?
2
Suppose 7*d - 65 = -16. What are the prime factors of d?
7
Let f(y) = -y**2 - 6*y + 8. Let b be f(-7). List the prime factors of 0 + 11 + -1 + b.
11
Let k(w) = w - 4. Let n be k(-5). Let z = n + 24. What are the prime factors of z?
3, 5
Let s(c) = 2*c**2 - c + 6. List the prime factors of s(4).
2, 17
Let h(n) = 36*n. What are the prime factors of h(8)?
2, 3
Let z = -20 + 22. What are the prime factors of z?
2
Let g be (1 + -5)*(-3)/(-6). Let x(w) = -w**3 + 2*w**2 - 1. List the prime factors of x(g).
3, 5
Let p = -294 + 438. List the prime factors of p.
2, 3
Let y(s) = -s**3 + s**2 + s + 74. What are the prime factors of y(0)?
2, 37
Let s be 5/(5/2) + -4. Let c = s + 2. Suppose c = -5*w + 88 - 3. List the prime factors of w.
17
Let p be -3 - (6 + (-6)/2). Let d = 18 - p. List the prime factors of d.
2, 3
Suppose i - 4*i = -9. Suppose i = 3*z - 3. Suppose z*y - 14 = -2*u, 0*y + y - 22 = 2*u. List the prime factors of y.
2, 3
Let m = 5 - -12. Suppose -3*o = -2*o - 24. Let k = o - m. List the prime factors of k.
7
Suppose -3*f + 1260 = 5*z, -3*z - z + f = -991. What are the prime factors of z?
3, 83
Let w = -6 + 9. Suppose 0 = -3*m - 3, 4*q + w*m = 6*m + 11. List the prime factors of (-7)/(-1) - (-1 + q).
2, 3
Let q be 1/2 - (-52)/8. Let t = q - -6. What are the prime factors of t?
13
Let m(h) = -h**2 + 10*h - 8. Let l be m(9). List the prime factors of 18 - l - 2 - 2.
13
Let f = -1 + 5. Suppose f - 12 = -p. What are the prime factors of p?
2
Let m(q) be the third derivative of 1/24*q**4 + 2*q**2 + 0*q + 4/3*q**3 + 0. List the prime factors of m(7).
3, 5
Suppose 2*a + 4*f - 314 = 0, -5*a + 111 + 599 = -5*f. What are the prime factors of a?
3, 7
Let b(h) = h + 3. Let r(g) = 4*g + 9. Let c(y) = 11*b(y) - 4*r(y). Let k be c(-2). Let s(i) = -i**3 + 6*i**2 + 11*i - 9. List the prime factors of s(k).
19
Let z(l) = -2*l + 5. Let y be z(6). Let u = y + 7. Suppose -i + 3*i - 4 = u. List the prime factors of i.
2
Let h be 78/30 + 2/5. List the prime factors of -1*(h + -1) - -15.
13
Suppose -3*a + 4*j + 813 = 0, -4*j - 6 = -18. List the prime factors of a.
5, 11
Let k = -32 + 59. What are the prime factors of k?
3
Let c(h) = -h - 1. Let o(b) = 3*b**2 - 2*b - 3. Let x(z) = -2*c(z) + o(z). Let d be x(1). List the prime factors of 12 - (2 + (-10)/d).
3, 5
Let s be -4 - -17 - (5 + -2). Let r = 21 - s. List the prime factors of r.
11
Let w(s) be the third derivative of -s**5/60 - 3*s**4/8 + 13*s**3/6 - s**2. Let o be w(-10). Suppose o*j - 8 = j. What are the prime factors of j?
2
What are the prime factors of (-4)/(-10) - (-1848)/55?
2, 17
Suppose l + 4 + 4 = -2*d, -3*l + d = -11. Suppose l*r + 4*b + 8 = 0, b + 0*b = -r. Let f = r + 5. What are the prime factors of f?
3
Let h(z) = -z**2 - 25*z + 19. What are the prime factors of h(-19)?
7, 19
Let w = -7 - -5. Let q = w + 3. Suppose -a + q = a - 3*r, -4*r = -3*a + 3. What are the prime factors of a?
5
Suppose -p + 14 = -2*h, -21 = -2*p - 3*h - 0. List the prime factors of p.
2, 3
Suppose -2*r = -r - 61. What are the prime factors of r?
61
Suppose -3*w + 5*u = -5, -3*w - u + 45 = 2*u. Suppose -3*k - w = -3*f + 2*k, 3*f = k + 14. What are the prime factors of f?
5
What are the prime factors of (0 - 51/(-6))/(2/12)?
3, 17
Let p be ((-40)/(-12))/(2/(-3)). Let v = p + 7. Suppose -3*m = -v*w - 36, 60 = 2*m + 3*m + w. List the prime factors of m.
2, 3
Suppose -2 = w - 7. What are the prime factors of w?
5
Let s(n) = 25*n**2 + n. Let f be s(-1). Let m = f + -8. Suppose 3*j - 4*o - 40 = 0, o - m = 5*o. List the prime factors of j.
2
Suppose -4*d + 321 = 125. What are the prime factors of d?
7
Suppose 2*w - 53 = 11. List the prime factors of w.
2
Let a = -15 + 10. Let d(p) = -p**2 - 4*p - 7. Let o be d(a). List the prime factors of o/(-8)*14/3.
7
Let b be (-1)/(-6) - 82/(-12). Let v = b - 3. What are the prime factors of (-13)/(-5) + v/10?
3
Let n be -2 + 2 + -1 + 6. Let h(j) be the second derivative of -j**5/20 + 5*j**4/12 - j**3/6 + 7*j**2/2 - j. What are the prime factors of h(n)?
2
Let a(u) = 24*u - 3. List the prime factors of a(2).
3, 5
Let s(u) = 3*u**2 - 3*u + 3. Let p be s(4). Suppose -2*i + 6*i - 14 = d, 3*i = -5*d - 1. Suppose 0*h = i*h - p. List the prime factors of h.
13
Let g(a) = 15*a**2 - 1. Let y be g(1). Let f be (-4)/y + (-180)/(-42). Suppose 7*h - 33 = f*h. List the prime factors of h.
11
Let p = -85 + 49. Let w(z) = 13*z**2. Let c be w(2). Let l = c + p. What are the prime factors of l?
2
Let o(r) = 3*r**2 - 7. Let w be o(5). Suppose 0 = -4*u + 3*v + w, 3*v + v = 4*u - 68. List the prime factors of u.
17
Suppose -6*i + 42 = -3*i. List the prime factors of i.
2, 7
Let t be 5 + 0 + (-2 - -1). Let c(l) = 0*l**2 + 3 + 0 + l**2 - t. List the prime factors of c(3).
2
List the prime factors of (-2)/(-11) - (-3 + 6706/(-22)).
2, 7, 11
Let n(j) = -3*j - 1. Suppose 0 = -8*t + 3*t - 35. List the prime factors of n(t).
2, 5
Let r(j) = -48*j + 4. List the prime factors of r(-2).
2, 5
Let p(c) = -c**3 - c + 7. Let q be p(0). Let k = 8 + q. List the prime factors of k.
3, 5
Let r(c) = c**3 + 7*c**2 + 4*c - 8. What are the prime factors of r(-5)?
2, 11
Suppose -2 - 7 = 3*a. Let c be -2*a/12*-2. List the prime factors of (-126)/9*(c - 0).
2, 7
Let t be (-87)/12 + (-1)/(-4). Let v = t + 8. List the prime factors of (v/(-1))/(4/(-48)).
2, 3
Suppose 7*m = m + 384. What are the prime factors of m?
2
Let b(n) = -n**3 + 5*n**2 - 2*n - 2. Let d be b(4). Let f = -2 + d. List the prime factors of f.
2
Suppose 2*a - 139 = -2*a - 3*w, 5*a + 5*w - 170 = 0. Suppose a - 7 = m. Suppose 46 = 3*y + 4*l, 4*y - m = 3*y - 5*l. List the prime factors of y.
2, 5
Let p = 91 - 48. What are the prime factors of p?
43
Suppose h - 13 = -2*p, h - 2*p - 15 = -6*p. Let r(l) = -2*l + 19. Let q(v) = -v + 10. Let a(u) = 11*q(u) - 6*r(u). List the prime factors of a(h).
7
Let m(z) = -8*z. Let p = 12 - 15. List the prime factors of m(p).
2, 3
Let g be (-3)/(-3)*(1 - -18). Let r = g + -6. Let n = 0 + r. What are the prime factors of n?
13
Suppose -4*l + 112 + 8 = 0. Suppose l = 5*n + 5*z, 3*z - 15 = -2*z. Suppose -2*f + 25 - n = 0. List the prime factors of f.
11
Let q(h) = 31*h**3 + h**2 - 2*h + 1. List the prime factors of q(1).
31
Let v(p) = -p**3 + 32. List the prime factors of v(0).
2
Suppose -325 = -4*q - 93. What are the prime factors of q?
2, 29
Let k(a) be the third derivative of -1/120*a**6 + 1/6*a**4 - a**2 + 1/2*a**3 + 0*a + 0*a**5 + 0. List the prime factors of k(-2).
3
Let m be ((-27)/(-36))/((-2)/(-24)). Let l = 17 - m. What are the prime factors of l?
2
Let n(f) = -f - 15. Let x be n(-11). What are the prime factors of 114/7 - x/(-14)?
2
Suppose -46 = -f - 7*a + 2*a, -2*f + a + 59 = 0. List the prime factors of f.
31
Let i(g) = -g - 1. Let w be i(5). Let n be (-2)/4 - (-51)/w. List the prime factors of (30/n - 2)*-3.
2
Suppose 8*v - 3*v - 50 = 0. What are the prime factors o